of 81 and d?
27
Let j = 5 + 2. Suppose j*n - 3*n = 112. Let s be (2/(-4))/(1/(-84)). What is the highest common divisor of s and n?
14
Let y = -5 + 11. Suppose -3*g = -4*g - s - 7, 5 = -g + s. Let c be (-80)/(-36) - g/(-27). Calculate the highest common divisor of c and y.
2
Let u = -78 - -524. Let a be u/8 + 2/8. Let b(h) = -h - 1. Let v be b(-9). What is the highest common factor of v and a?
8
Suppose 2*l - 105 = o, 0*l + 3*o + 261 = 5*l. Let d be -1*2/(-3)*6. Let s be 4/2 - d*-1. Calculate the highest common divisor of s and l.
6
Let p be 81/(-2)*((-192)/18)/8. What is the greatest common factor of p and 135?
27
Suppose 24 - 40 = -2*i. Let s be (-14)/(-3)*(2 - -13). Suppose -s - 26 = -n + 2*w, 20 = -5*w. What is the greatest common factor of n and i?
8
Suppose 3*a = -5*r - 2*a + 5, 3*a = -r + 9. Let m be (-218)/(-6) + 1/r. Let g be 4/8 + 47/2. Calculate the highest common factor of m and g.
12
Suppose 0 = 2*w + k - 41, 2*w + 2*k - 17 = 25. Suppose 0 = 8*d - 154 - 246. Calculate the greatest common factor of w and d.
10
Let a(f) = 14*f**3. Let z be a(1). Let p be (-10)/5 - (50 + 0)*-2. What is the greatest common factor of z and p?
14
Let h(i) = 2*i - 3. Let z be h(3). Let c be (-18)/(-30) + 64/10. Suppose -c = -l - 4. What is the highest common divisor of l and z?
3
Let h(x) = -3*x - 5. Let t(j) = -j - 1. Let i(v) = -h(v) + 4*t(v). Let z be i(-3). Suppose -z*p = -p - 66. Calculate the greatest common factor of p and 55.
11
Suppose 0*c - c + 1 = 0. Suppose 4*z = 5*b - 217, 0 = -2*z - 5 - c. Let p = b - -31. What is the greatest common factor of 9 and p?
9
Let t(n) = 29*n - 2. Let k be t(3). Suppose k = q - 0*q. What is the greatest common factor of q and 34?
17
Suppose 5*k + 0*k + 5 = 0. Let w = 14 + k. Calculate the greatest common factor of 65 and w.
13
Let n be 1*7/(14/18). Calculate the highest common divisor of n and 3.
3
Let k(c) = 2*c + 14. Let a be k(3). What is the highest common factor of 5 and a?
5
Let o(l) = l**2 + 6*l. Let u be o(-8). Let q = u - 10. Let f be 1 - 41/(1*-1). What is the highest common divisor of f and q?
6
Suppose 3*t + 184 = -2*g, 0 = t - 4*t - 5*g - 190. Let k be (24/30)/((-2)/t). What is the highest common divisor of 4 and k?
4
Let y be -12*((-4)/(-12) + -1). What is the highest common factor of y and 72?
8
Let w = -10 - -15. Suppose -2*h + h + w*f = -12, -2*h - 5*f = -9. Calculate the highest common divisor of h and 49.
7
Suppose -5*c - 25 = -4*h + 4, h + 4*c = -19. Let p be 6/8*52/h. What is the highest common factor of p and 26?
13
Suppose -3*z - 755 = -q, 0*z - 770 = 3*z - 4*q. Let k = -178 - z. Calculate the highest common divisor of 8 and k.
8
Suppose 0 = -5*r + g + 259, -3*g + 22 = 2*r - 85. Calculate the greatest common divisor of 13 and r.
13
Suppose -m + 2 = -3. Suppose m*p + 30 = -30. Let x be (-4 - -2)*p - 0. What is the highest common divisor of 8 and x?
8
Let l = 14 + -10. Let p be (-6)/l*280/(-3). Suppose 2*o = 3*z - 42, -3*o + 68 = 5*z - 2. What is the highest common divisor of p and z?
14
Suppose 4*j - j - 645 = 0. Let q = 337 + -132. Suppose 0 = -4*v + z + j, q = 4*v - 6*z + 3*z. Calculate the highest common factor of v and 22.
11
Suppose 3*r - 114 = -0*r. Let w = r - 26. Calculate the highest common divisor of 24 and w.
12
Let c(n) = -4 + 3 + 7*n**3 - 5*n**3. Let o be c(1). Calculate the greatest common divisor of o and 11.
1
Let r be 8 - 3*4/3. Suppose 3*q = -2*g + 4*q + 21, 0 = -r*g - 3*q + 27. Calculate the greatest common factor of 9 and g.
9
Let x be (0*2/(-4))/1. Suppose x*y = -3*y + 30. Calculate the greatest common factor of 90 and y.
10
Let s(u) = -u**3 + 7*u**2 + 9*u - 10. Let q be s(8). Let p be 0 + (-1 - (-8 - q)). What is the greatest common factor of p and 45?
5
Suppose -263 = -12*r + 325. What is the greatest common factor of 7 and r?
7
Let x = 74 - 44. What is the highest common divisor of x and 5?
5
Suppose -2*a + 18 + 8 = 0. What is the greatest common divisor of a and 143?
13
Let q(p) = p**2 + 7*p + 6. Suppose -d - 3*d - 3*z - 26 = 0, -4*d - 30 = z. Let f be q(d). Calculate the greatest common divisor of 21 and f.
7
Let w(n) = 18*n**2 + 23. Let v be w(-5). What is the greatest common factor of 43 and v?
43
Let x = 12 + -4. What is the highest common factor of 56 and x?
8
Let f be (-4)/(-12) - (106/(-6) - 0). Let x(o) = o + 3. Let a be x(6). Suppose 4*k = 39 + a. What is the highest common divisor of f and k?
6
Suppose 3*j - 7*j = -8. Suppose 0 = -w + 12 - j. Let l = 149 + -69. Calculate the greatest common divisor of l and w.
10
Let t be 4/22 + 212/44. Suppose -t*r + 130 = 3*x - 2, 0 = -3*r + x + 68. Calculate the greatest common divisor of 24 and r.
24
Suppose 0 = -n + 5*q - q + 7, 2*q = 0. Let g be (0 - 3)*(3 - n). Calculate the greatest common divisor of 24 and g.
12
Let i(f) be the second derivative of f - f**2 + 0 + 1/2*f**3. Let z be i(2). What is the greatest common divisor of z and 12?
4
Let a(l) = -43*l - 5. Let k be a(-4). Suppose 0 = 5*i - 33 - k. What is the greatest common divisor of i and 16?
8
Let u be 272/6 - 3/9. Let m(h) = 6 + 2 - 6 + 3*h - h**3 - 6*h**2. Let t be m(-7). What is the highest common divisor of t and u?
15
Let b be 3/(-4) - 3*(-715)/60. Suppose -21 = -r - 2*r. Calculate the greatest common divisor of r and b.
7
Let u(w) = -11*w. Let m be u(-10). What is the highest common divisor of 11 and m?
11
Suppose 0 - 6 = -3*q. Suppose q = -p - 4. Let z be 11*2*(-3)/p. Calculate the highest common factor of z and 11.
11
Suppose x - 10 = -x. Let z(k) = -k**3 + 7*k**2 - 9*k + 11. Let a be z(x). What is the greatest common factor of a and 16?
16
Let v(a) = 7*a. Let g be v(1). What is the greatest common factor of g and 77?
7
Let b = 24 + -20. Suppose -15 = 3*j, 4*l + b*j - 317 - 143 = 0. What is the highest common factor of 24 and l?
24
Suppose 0 = -5*y + 2 - 7. Let i be (20/(-5))/(0 + y). What is the highest common factor of 16 and i?
4
Let g(y) = 6*y**2 - 4*y - 1. Let h be g(-3). Let w(o) = o**3 - 7*o**2 + 2*o - 4. Let k be w(5). Let a = k + h. What is the greatest common divisor of a and 3?
3
Suppose -f + 61 = 4*u, -2*u = -f + 2*f - 33. What is the highest common factor of u and 28?
14
Let n = 24 - 23. What is the greatest common factor of n and 3?
1
Let x = -18 + 46. Let k be ((-4)/5)/(4/(-350)). What is the greatest common factor of k and x?
14
Let j = 6 - 0. Let i be (-3)/(-4) + -4 + (-73)/(-4). Calculate the highest common factor of i and j.
3
Let a be 5*(-3)/(-2 - -5). Let t(l) = l**3 + 6*l**2 + 4*l + 7. Let b be t(a). What is the greatest common divisor of 108 and b?
12
Let y(h) be the second derivative of -h**5/20 + 5*h**4/12 + h**3/3 - h**2/2 - 3*h. Let m be y(5). Calculate the greatest common factor of 63 and m.
9
Let w be -2 + (68/14 - 1/(-7)). Calculate the highest common factor of 3 and w.
3
Let o(n) = -n**3 - n**2 + n + 20. Let s be o(0). Suppose -p - 24 = -5*a - 8, p + 8 = 3*a. Calculate the highest common factor of p and s.
4
Suppose -2*k + 65 = -175. Suppose 3*x + x - 60 = 0. Calculate the greatest common divisor of k and x.
15
Let n be 1*(-1 + 2)*9. What is the greatest common factor of n and 27?
9
Let a be (-2)/3*(-6 - -3). Let x be -4 + 1 + 26/a. Let v = -3 + x. Calculate the highest common divisor of v and 56.
7
Suppose g = -4*g - 15. Let p be (0 + 4)/4 - g. Calculate the greatest common divisor of 8 and p.
4
Let n = 16 - 26. Let k be 84/(3 - n/(-4)). Suppose 2*d - 4*d + k = 0. What is the highest common factor of d and 21?
21
Let o = -8 + 14. Let k be (-22)/(-8) + o/(-8). Suppose -5*c - k*i = 3*i - 60, 4*c - 3*i = 20. What is the highest common factor of 8 and c?
8
Suppose -2*c = 2*v - 70, c - 12*v = -7*v + 5. Calculate the highest common divisor of 15 and c.
15
Suppose -5*x + 6 + 44 = 0. Calculate the greatest common divisor of x and 10.
10
Suppose 2*b + 12 = -0*b. Let p(o) = o**2 + 7*o + 3. Let g be p(b). Let t = g + 17. Calculate the greatest common factor of 28 and t.
14
Let x(j) = -2*j - 3. Let n be x(-4). Let k = 13 - n. Let d be (0 + 2)/(3/12). What is the greatest common divisor of k and d?
8
Let m(w) = -w**2 - 4*w + 3. Let d be m(-4). Let f be (-3)/(-1)*299/d. Suppose f = 4*s + 91. Calculate the greatest common factor of 13 and s.
13
Suppose -3*b = -8*b + 75. Suppose -3*s + 240 + 75 = 0. What is the highest common div